{"id":51,"date":"2015-11-21T18:49:28","date_gmt":"2015-11-21T17:49:28","guid":{"rendered":"http:\/\/promotion.hamradio.sciencesfrance.fr\/?page_id=51"},"modified":"2023-04-15T17:03:55","modified_gmt":"2023-04-15T15:03:55","slug":"les-videos-concernant-la-technique","status":"publish","type":"page","link":"https:\/\/promotion.hamradio.sciencesfrance.fr\/?page_id=51","title":{"rendered":"Vid\u00e9os La Technique!"},"content":{"rendered":"<h3 style=\"text-align: center;\"><span style=\"font-family: georgia, palatino, serif;\"><strong><span style=\"font-size: 14pt;\"><span style=\"color: #ffff00; background-color: #800000;\">Le Radioamateurisme est une passion scientifique et technique<\/span><\/span><\/strong><\/span><\/h3>\n<p style=\"text-align: justify;\"><span style=\"font-size: 12pt; font-family: georgia, palatino, serif; color: #000000;\">Les techniques employ\u00e9es sont du domaine de :<\/span><\/p>\n<ul>\n<li style=\"text-align: justify;\"><span style=\"font-size: 12pt; font-family: georgia, palatino, serif; color: #000000;\">L\u2019\u00e9lectricit\u00e9<\/span><\/li>\n<li style=\"text-align: justify;\"><span style=\"font-size: 12pt; font-family: georgia, palatino, serif; color: #000000;\">La Radio\u00e9lectricit\u00e9<\/span>\n<ul>\n<li style=\"text-align: justify;\"><span style=\"font-size: 12pt; font-family: georgia, palatino, serif; color: #000000;\">De la Technologie des composants<\/span><\/li>\n<li style=\"text-align: justify;\"><span style=\"font-size: 12pt; font-family: georgia, palatino, serif; color: #000000;\">De la conception des montages en vu de la r\u00e9alisation de divers projets<\/span><\/li>\n<li style=\"text-align: justify;\"><span style=\"font-size: 12pt; font-family: georgia, palatino, serif; color: #000000;\">De la mise au point&nbsp; des&nbsp; montages r\u00e9alis\u00e9s<\/span><\/li>\n<\/ul>\n<\/li>\n<\/ul>\n<p style=\"text-align: justify;\"><span style=\"font-size: 12pt; font-family: georgia, palatino, serif; color: #000000;\">De nombreuses vid\u00e9os dites \u00ab\u00a0Techniques\u00a0\u00bb sont r\u00e9alis\u00e9es par des Radioamateurs&nbsp; confirm\u00e9s pour faire profiter de leurs exp\u00e9riences au plus grand nombre. Ceux-ci sont \u00e0 la base de toutes les T\u00e9l\u00e9communications d&rsquo;aujourd&rsquo;hui et de plus cr\u00e9ateurs et inventeurs:<\/span><\/p>\n<ul>\n<li style=\"text-align: justify;\"><span style=\"font-size: 12pt; font-family: georgia, palatino, serif; color: #000000;\">De composants, (lampe \u00ab\u00a0tubes\u00a0\u00bb transistor, circuits int\u00e9gr\u00e9s..etc<\/span><\/li>\n<\/ul>\n<p style=\"text-align: justify;\"><span style=\"font-size: 12pt; font-family: georgia, palatino, serif; color: #000000;\">La lampe est l\u2019anc\u00eatre du transistor et toujours utilis\u00e9e en g\u00e9n\u00e9ral le domaine de l\u2019amplification).<\/span><\/p>\n<p style=\"text-align: justify;\"><span style=\"font-size: 12pt; font-family: georgia, palatino, serif; color: #000000;\">Notre ami F2FO,&nbsp; montre dans cette vid\u00e9o la construction&nbsp; et la fabrication d&rsquo;un lampe \u00ab\u00a0ou Tube\u00a0\u00bb triode.<\/span><\/p>\n<p style=\"text-align: justify;\"><span style=\"font-size: 12pt; font-family: georgia, palatino, serif; color: #000000;\">F2FO, Radioamateur depuis 1959, montre ici les diff\u00e9rentes \u00e9tapes de la construction d&rsquo;une lampe triode r\u00e9alis\u00e9e par ses soins. Cette lampe a permis d&rsquo;\u00e9tablir des liaisons avec d&rsquo;autres Radioamateurs situ\u00e9s sur 4 continents.<\/span><br \/>\n<span style=\"font-size: 12pt; font-family: georgia, palatino, serif; color: #000000;\">Si vous souhaitez en savoir plus, visitez son site web personnel :<span style=\"color: #0000ff;\"><a style=\"color: #0000ff;\" href=\"http:\/\/paillard.claude.free.fr\"><span style=\"text-decoration: underline;\"><em><strong> ICI&nbsp;<\/strong><\/em><\/span><\/a><\/span> <\/span><\/p>\n<p style=\"text-align: justify;\"><span style=\"font-size: 12pt; font-family: georgia, palatino, serif; color: #000000;\">Au del\u00e0 de l\u2019aspect tr\u00e8s technique, F2FO nous propose un beau reportage vid\u00e9o&nbsp; de la fabrication d&rsquo;une triode\u2026 Attention cela parait facile, mais il faut \u00eatre \u00e9quiper en mat\u00e9riels de r\u00e9alisation (machines outils) et \u00eatre habile de ces mains.<\/span><\/p>\n<p><center><iframe loading=\"lazy\" src=\"\/\/www.dailymotion.com\/embed\/video\/x3wrzo\" allowfullscreen=\"allowfullscreen\" width=\"480\" height=\"270\" frameborder=\"0\"><\/iframe><\/center><\/p>\n<p style=\"text-align: center;\"><a href=\"http:\/\/dai.ly\/xbo0i7\" target=\"_blank\" rel=\"noopener noreferrer\"><span style=\"text-decoration: underline; color: #0000ff;\"><strong><span style=\"color: #0000ff; text-decoration: underline;\">Le Grid Dip&nbsp; <i>par&nbsp; <\/i>F1LXL Jean-Pierre HOUSSIN<\/span><\/strong><\/span><\/a><\/p>\n<p><center><iframe loading=\"lazy\" src=\"\/\/www.dailymotion.com\/embed\/video\/xbo0i7\" allowfullscreen=\"allowfullscreen\" width=\"480\" height=\"270\" frameborder=\"0\"><\/iframe><\/center><\/p>\n<p style=\"text-align: center;\"><span style=\"color: #0000ff;\"><strong>MFJ259B-Analyseur-Antenne-radioamateur par F1LXL<\/strong><\/span><\/p>\n<p><center><iframe loading=\"lazy\" src=\"\/\/www.dailymotion.com\/embed\/video\/x9pcef\" allowfullscreen=\"allowfullscreen\" width=\"480\" height=\"270\" frameborder=\"0\"><\/iframe><\/center><center><\/center><center><span style=\"color: #0000ff;\"><strong><span style=\"font-size: 12pt; font-family: georgia, palatino, serif;\">La Station Radioamateur de F1LXL (59)<\/span><\/strong><\/span><\/center><center><\/center><center><iframe loading=\"lazy\" src=\"https:\/\/www.dailymotion.com\/embed\/video\/x2as5e\" allowfullscreen=\"allowfullscreen\" width=\"480\" height=\"270\" frameborder=\"0\"><\/iframe><\/center>&nbsp;<\/p>\n","protected":false},"excerpt":{"rendered":"<p>Le Radioamateurisme est une passion scientifique et technique Les techniques employ\u00e9es sont du domaine de : L\u2019\u00e9lectricit\u00e9 La Radio\u00e9lectricit\u00e9 De la Technologie des composants De la conception des montages en vu de la r\u00e9alisation de divers projets De la mise au point&nbsp; des&nbsp; montages r\u00e9alis\u00e9s De nombreuses vid\u00e9os dites \u00ab\u00a0Techniques\u00a0\u00bb&#8230; <a class=\"continue-reading-link\" href=\"https:\/\/promotion.hamradio.sciencesfrance.fr\/?page_id=51\"> Continue reading <span class=\"meta-nav\">&rarr; <\/span><\/a><\/p>\n","protected":false},"author":3,"featured_media":0,"parent":0,"menu_order":0,"comment_status":"closed","ping_status":"closed","template":"","meta":{"ngg_post_thumbnail":0,"footnotes":""},"class_list":["post-51","page","type-page","status-publish","hentry"],"_links":{"self":[{"href":"https:\/\/promotion.hamradio.sciencesfrance.fr\/index.php?rest_route=\/wp\/v2\/pages\/51","targetHints":{"allow":["GET"]}}],"collection":[{"href":"https:\/\/promotion.hamradio.sciencesfrance.fr\/index.php?rest_route=\/wp\/v2\/pages"}],"about":[{"href":"https:\/\/promotion.hamradio.sciencesfrance.fr\/index.php?rest_route=\/wp\/v2\/types\/page"}],"author":[{"embeddable":true,"href":"https:\/\/promotion.hamradio.sciencesfrance.fr\/index.php?rest_route=\/wp\/v2\/users\/3"}],"replies":[{"embeddable":true,"href":"https:\/\/promotion.hamradio.sciencesfrance.fr\/index.php?rest_route=%2Fwp%2Fv2%2Fcomments&post=51"}],"version-history":[{"count":6,"href":"https:\/\/promotion.hamradio.sciencesfrance.fr\/index.php?rest_route=\/wp\/v2\/pages\/51\/revisions"}],"predecessor-version":[{"id":499,"href":"https:\/\/promotion.hamradio.sciencesfrance.fr\/index.php?rest_route=\/wp\/v2\/pages\/51\/revisions\/499"}],"wp:attachment":[{"href":"https:\/\/promotion.hamradio.sciencesfrance.fr\/index.php?rest_route=%2Fwp%2Fv2%2Fmedia&parent=51"}],"curies":[{"name":"wp","href":"https:\/\/api.w.org\/{rel}","templated":true}]}}